r of 1157133830 and 381?
127
What is the highest common factor of 159566852 and 1844?
1844
Calculate the highest common divisor of 312973 and 24445189.
6659
Calculate the greatest common factor of 1687915 and 125.
5
Calculate the highest common divisor of 10452022 and 1736.
434
What is the greatest common divisor of 826 and 107394?
14
Calculate the greatest common factor of 2508 and 5615808.
132
What is the highest common divisor of 33 and 11475189?
33
What is the highest common factor of 72 and 12124557?
9
What is the highest common factor of 13659 and 15718?
29
What is the highest common divisor of 134645 and 3605?
35
What is the highest common divisor of 1357 and 49972169?
23
Calculate the highest common divisor of 1200132 and 3672.
612
Calculate the highest common factor of 266731949 and 933.
311
What is the greatest common divisor of 4964529 and 1273?
19
Calculate the highest common divisor of 102165145 and 2110.
1055
What is the greatest common divisor of 2192484 and 48160?
1204
What is the highest common divisor of 169 and 2975440?
13
What is the greatest common divisor of 75 and 2233750?
25
Calculate the greatest common factor of 237724551 and 81.
81
Calculate the highest common divisor of 79 and 17600489.
79
What is the greatest common factor of 383247 and 241821?
873
What is the greatest common divisor of 7104 and 911312?
16
What is the highest common factor of 4554 and 60463458?
4554
What is the highest common divisor of 137610 and 217440?
90
Calculate the highest common divisor of 162998626 and 14.
14
What is the highest common divisor of 64110912 and 192?
192
Calculate the greatest common divisor of 259 and 155549443.
259
What is the greatest common divisor of 2749 and 5132383?
2749
What is the greatest common factor of 4804540 and 1020?
340
What is the highest common factor of 292 and 5168984?
292
What is the highest common factor of 637551 and 7408?
463
What is the highest common factor of 61743590 and 3660?
610
Calculate the highest common divisor of 4875 and 15557490.
195
Calculate the highest common factor of 22321 and 95446313.
1717
Calculate the highest common divisor of 182596 and 2682536.
956
What is the highest common divisor of 39659115 and 10320?
645
Calculate the greatest common divisor of 4 and 12089293.
1
What is the greatest common divisor of 24118620 and 110?
10
Calculate the highest common factor of 464 and 982781.
29
What is the greatest common factor of 799084 and 2032316?
6292
What is the greatest common factor of 14631888 and 6000?
48
What is the highest common divisor of 7239 and 1961007?
381
What is the highest common divisor of 22 and 973535662?
22
Calculate the highest common factor of 2164976 and 424.
8
Calculate the greatest common factor of 3778 and 535217926.
3778
Calculate the highest common divisor of 1044064 and 64736.
224
What is the greatest common factor of 40300668 and 3482?
3482
What is the highest common divisor of 88 and 29725311?
11
What is the greatest common divisor of 12642 and 43071?
147
Calculate the greatest common factor of 95607 and 9015386.
3541
What is the greatest common factor of 7280 and 532415?
65
What is the highest common divisor of 558336132 and 3312?
828
What is the highest common divisor of 13035 and 158235?
165
Calculate the highest common divisor of 147 and 6701583.
147
Calculate the greatest common factor of 27 and 6603264.
9
Calculate the highest common factor of 468066 and 940011.
1293
Calculate the greatest common divisor of 6 and 4065357.
3
What is the greatest common divisor of 138 and 2048334?
138
Calculate the highest common divisor of 58453808 and 18740.
3748
Calculate the highest common divisor of 4 and 13431596.
4
What is the greatest common divisor of 651428 and 876716?
596
What is the highest common factor of 1254 and 546003?
57
Calculate the greatest common factor of 1199 and 29062.
11
What is the highest common divisor of 52 and 12683892?
52
Calculate the highest common factor of 9225 and 13812080.
205
What is the highest common factor of 16 and 2306928?
16
Calculate the greatest common factor of 112225057 and 959.
959
What is the highest common divisor of 3487992 and 49980?
204
What is the highest common divisor of 40233938 and 386?
386
What is the highest common factor of 144459186 and 257?
257
What is the highest common factor of 347857350 and 3262?
466
What is the greatest common factor of 14652 and 99908732?
1628
What is the greatest common factor of 35992370 and 13960?
3490
What is the highest common factor of 34616 and 317944?
8
Calculate the greatest common factor of 7595 and 504665.
35
Calculate the greatest common divisor of 5551044 and 476.
68
Calculate the highest common divisor of 7965 and 3227850.
135
What is the greatest common factor of 70153 and 3593644?
2263
Calculate the highest common factor of 530 and 15192185.
265
What is the greatest common factor of 168 and 4757472?
24
What is the greatest common divisor of 213148 and 6708?
52
What is the highest common factor of 122865776 and 11?
11
What is the highest common factor of 6068260 and 660?
220
What is the greatest common factor of 378875 and 4161563?
3031
What is the greatest common factor of 3024 and 1002267?
189
Calculate the greatest common factor of 86218045 and 5.
5
Calculate the greatest common divisor of 48017135 and 12195.
1355
What is the greatest common divisor of 384 and 5540424?
24
What is the highest common factor of 1263508 and 9054412?
4372
What is the greatest common divisor of 219946 and 5168?
34
What is the greatest common factor of 266 and 551007961?
133
What is the greatest common factor of 18 and 250515675?
9
What is the highest common factor of 213227 and 16268?
581
What is the greatest common factor of 4500516 and 12?
12
Calculate the greatest common divisor of 248 and 14636092.
124
Calculate the greatest common factor of 4788 and 52031196.
4788
What is the highest common divisor of 73331600 and 880?
80
Calculate the greatest common factor of 31776 and 23616.
96
Calculate the greatest common factor of 4234119 and 2259.
753
What is the greatest common divisor of 140 and 1150447172?
28
What is the highest common factor of 15313650 and 31350?
1650
Calculate the highest common factor of 4249847 and 2515.
503
Calculate the greatest common factor of 335 and 61035.
5
What is the greatest common divisor of 5438640 and 40176?
1488
What is the greatest common divisor of 92645 and 5590464?
2647
What is the highest common divisor of 2902835 and 710?
355
What is the greatest common factor of 384 and 1986128?
16
What is the greatest common factor of 2569540 and 7860?
20
Calculate the greatest common divisor of 13437 and 270261.
9
What is the greatest common divisor of 3843053 and 2798?
1399
What is the highest common factor of 3360 and 47568360?
840
What is the highest common divisor of 679855 and 21039315?
2585
Calculate the greatest common factor of 930 and 1351783830.
930
What is the greatest common divisor of 1241900 and 352?
44
What is the highest common divisor of 129851343 and 12555?
2511
What is the highest common factor of 43511 and 17563?
13
Calculate the greatest common factor of 58941 and 48951.
999
What is the greatest common divisor of 1968 and 26645736?
984
What is the greatest common divisor of 152 and 1050472?
152
What is the highest common divisor of 6972 and 75301086?
3486
What is the highest common factor of 12 and 54843?
3
What is the greatest common divisor of 244 and 5261189?
61
Calculate the greatest common divisor of 1010820 and 1704.
12
Calculate the greatest common divisor of 5803 and 48881.
7
What is the highest common divisor of 904 and 2792456?
904
Calculate the greatest common divisor of 150 and 740360.
10
What is the highest common divisor of 52462344 and 1368?
456
Calculate the highest common divisor of 270297 and 22419.
423
What is the highest common factor of 51478848 and 27?
27
What is the highest common factor of 644218 and 1?
1
Calculate the greatest common factor of 367362 and 2046.
6
What is the greatest common factor of 17877374 and 142?
142
Calculate the highest common factor of 792 and 2059326.
18
Calculate the greatest common divisor of 100202 and 82.
2
Calculate the greatest common factor of 1120 and 1786106.
14
What is the gr